.
2, 3, 61
List the prime factors of 33411.
3, 7, 37, 43
What are the prime factors of 17564?
2, 4391
List the prime factors of 2670.
2, 3, 5, 89
List the prime factors of 71151.
3, 37, 641
List the prime factors of 6172.
2, 1543
List the prime factors of 2031.
3, 677
What are the prime factors of 1821?
3, 607
List the prime factors of 536.
2, 67
List the prime factors of 184.
2, 23
What are the prime factors of 13433?
7, 19, 101
List the prime factors of 2030.
2, 5, 7, 29
What are the prime factors of 1312?
2, 41
List the prime factors of 28441.
7, 17, 239
What are the prime factors of 3353?
7, 479
List the prime factors of 2120.
2, 5, 53
What are the prime factors of 31625?
5, 11, 23
List the prime factors of 1160.
2, 5, 29
What are the prime factors of 1647?
3, 61
List the prime factors of 917.
7, 131
What are the prime factors of 4374?
2, 3
What are the prime factors of 161?
7, 23
List the prime factors of 868.
2, 7, 31
List the prime factors of 1223.
1223
List the prime factors of 10836.
2, 3, 7, 43
What are the prime factors of 486?
2, 3
What are the prime factors of 5257?
7, 751
What are the prime factors of 10918?
2, 53, 103
What are the prime factors of 7942?
2, 11, 19
List the prime factors of 877.
877
List the prime factors of 17564.
2, 4391
What are the prime factors of 4695?
3, 5, 313
List the prime factors of 62807.
181, 347
What are the prime factors of 6040?
2, 5, 151
List the prime factors of 3938.
2, 11, 179
List the prime factors of 43614.
2, 3, 2423
What are the prime factors of 104212?
2, 26053
What are the prime factors of 1238?
2, 619
What are the prime factors of 80230?
2, 5, 71, 113
What are the prime factors of 1069?
1069
What are the prime factors of 2959?
11, 269
What are the prime factors of 5356?
2, 13, 103
What are the prime factors of 5850?
2, 3, 5, 13
What are the prime factors of 4634?
2, 7, 331
List the prime factors of 4159.
4159
List the prime factors of 1021.
1021
What are the prime factors of 1209?
3, 13, 31
List the prime factors of 439.
439
List the prime factors of 110.
2, 5, 11
List the prime factors of 11907.
3, 7
What are the prime factors of 81499?
11, 31, 239
List the prime factors of 14411.
14411
List the prime factors of 13389.
3, 4463
What are the prime factors of 15389?
11, 1399
List the prime factors of 5963.
67, 89
What are the prime factors of 31516?
2, 7879
List the prime factors of 7120.
2, 5, 89
List the prime factors of 914.
2, 457
List the prime factors of 2616.
2, 3, 109
What are the prime factors of 6823?
6823
What are the prime factors of 32626?
2, 11, 1483
List the prime factors of 3814.
2, 1907
What are the prime factors of 18977?
7, 2711
What are the prime factors of 897?
3, 13, 23
List the prime factors of 458.
2, 229
What are the prime factors of 1179?
3, 131
List the prime factors of 2360.
2, 5, 59
List the prime factors of 44688.
2, 3, 7, 19
List the prime factors of 17365.
5, 23, 151
What are the prime factors of 41575?
5, 1663
What are the prime factors of 2318?
2, 19, 61
What are the prime factors of 5930?
2, 5, 593
What are the prime factors of 56159?
89, 631
What are the prime factors of 10899?
3, 7, 173
List the prime factors of 4723.
4723
List the prime factors of 15246.
2, 3, 7, 11
List the prime factors of 60465.
3, 5, 29, 139
List the prime factors of 45650.
2, 5, 11, 83
List the prime factors of 16149.
3, 7, 769
What are the prime factors of 17908?
2, 11, 37
What are the prime factors of 95068?
2, 23767
What are the prime factors of 656?
2, 41
What are the prime factors of 42583?
97, 439
List the prime factors of 5463.
3, 607
List the prime factors of 1318.
2, 659
List the prime factors of 3026.
2, 17, 89
What are the prime factors of 1031?
1031
What are the prime factors of 8753?
8753
What are the prime factors of 8508?
2, 3, 709
What are the prime factors of 560?
2, 5, 7
List the prime factors of 597.
3, 199
List the prime factors of 5336.
2, 23, 29
What are the prime factors of 36321?
3, 12107
What are the prime factors of 159916?
2, 39979
What are the prime factors of 5435?
5, 1087
What are the prime factors of 28860?
2, 3, 5, 13, 37
List the prime factors of 18851.
7, 2693
What are the prime factors of 445?
5, 89
List the prime factors of 11308.
2, 11, 257
What are the prime factors of 164?
2, 41
What are the prime factors of 61054?
2, 7, 89
List the prime factors of 32102.
2, 7, 2293
What are the prime factors of 53317?
11, 37, 131
List the prime factors of 734.
2, 367
List the prime factors of 39063.
3, 29, 449
What are the prime factors of 8730?
2, 3, 5, 97
List the prime factors of 34922.
2, 19, 919
List the prime factors of 4147.
11, 13, 29
List the prime factors of 38413.
107, 359
List the prime factors of 13262.
2, 19, 349
What are the prime factors of 24558?
2, 3, 4093
What are the prime factors of 51802?
2, 59, 439
List the prime factors of 800.
2, 5
What are the prime factors of 97808?
2, 6113
What are the prime factors of 936?
2, 3, 13
What are the prime factors of 46691?
46691
List the prime factors of 26343.
3, 2927
List the prime factors of 8794.
2, 4397
List the prime factors of 1732.
2, 433
What are the prime factors of 9238?
2, 31, 149
What are the prime factors of 118135?
5, 23627
What are the prime factors of 11232?
2, 3, 13
What are the prime factors of 22083?
3, 17, 433
What are the prime factors of 2471?
7, 353
What are the prime factors of 3035?
5, 607
List the prime factors of 1560.
2, 3, 5, 13
What are the prime factors of 241?
241
List the prime factors of 700.
2, 5, 7
What are the prime factors of 9727?
71, 137
What are the prime factors of 250?
2, 5
List the prime factors of 433.
433
What are the prime factors of 50685?
3, 5, 31, 109
List the prime factors of 24188.
2, 6047
What are the prime factors of 81542?
2, 40771
List the prime factors of 5594.
2, 2797
What are the prime factors of 96294?
2, 3, 11, 1459
List the prime factors of 3291.
3, 1097
List the prime factors of 7270.
2, 5, 727
List the prime factors of 1436.
2, 359
List the prime factors of 1215.
3, 5
What are the prime factors of 145?
5, 29
List the prime factors of 29630.
2, 5, 2963
List the prime factors of 871.
13, 67
What are the prime factors of 67371?
3, 17, 1321
What are the prime factors of 8375?
5, 67
What are the prime factors of 96716?
2, 24179
List the prime factors of 7743.
3, 29, 89
What are the prime factors of 57783?
3, 11, 17, 103
What are the prime factors of 49259?
7, 31, 227
List the prime factors of 26582.
2, 13291
What are the prime factors of 1435?
5, 7, 41
List the prime factors of 20102.
2, 19, 23
List the prime factors of 6799.
13, 523
What are the prime factors of 1402?
2, 701
What are the prime factors of 79710?
2, 3, 5, 2657
What are the prime factors of 90685?
5, 7, 2591
What are the prime factors of 1450?
2, 5, 29
What are the prime factors of 2766?
2, 3, 461
List the prime factors of 6545.
5, 7, 11, 17
What are the prime factors of 72538?
2, 36269
List the prime factors of 68193.
3, 7577
List the prime factors of 14228.
2, 3557
What are the prime factors of 28159?
29, 971
What are the prime factors of 64187?
64187
What are the prime factors of 62550?
2, 3, 5, 139
What are the prime factors of 1181?
1181
List the prime factors of 4106.
2, 2053
List the prime factors of 70.
2, 5, 7
What are the prime factors of 15201?
3, 563
List the prime factors of 188120.
2, 5, 4703
List the prime factors of 39684.
2, 3, 3307
List the prime factors of 2635.
5, 17, 31
What are the prime factors of 10511?
23, 457
What are the prime factors of 6916?
2, 7, 13, 19
What are the prime factors of 6643?
7, 13, 73
List the prime factors of 101.
101
List the prime factors of 46180.
2, 5, 2309
What are the prime factors of 3594?
2, 3, 599
What are the prime factors of 1795?
5, 359
What are the prime factors of 1064?
2, 7, 19
What are the prime factors of 1528?
2, 191
What are the prime factors of 3245?
5, 11, 59
What are the prime factors of 40620?
2, 3, 5, 677
List the prime factors of 3129.
3, 7, 149
List the prime factors of 2245.
5, 449
What are the prime factors of 2743?
13, 211
What are the prime factors of 6436?
2, 1609
What are the prime factors of 39333?
3, 7, 1873
What are the prime factors of 145?
5, 29
What are the prime factors of 2742?
2, 3, 457
